1?
8
What is the hundred millions digit of 164441333?
1
What is the thousands digit of 117571694?
1
What is the units digit of 397029520?
0
What is the ten thousands digit of 2069790421?
9
What is the ten millions digit of 48350284?
4
What is the ten thousands digit of 103055423?
5
What is the tens digit of 7857215708?
0
What is the ten thousands digit of 2894022855?
2
What is the millions digit of 110140795?
0
What is the ten millions digit of 306499580?
0
What is the thousands digit of 85930755?
0
What is the thousands digit of 2040006656?
6
What is the millions digit of 277457051?
7
What is the ten thousands digit of 265449305?
4
What is the ten millions digit of 44203718?
4
What is the hundred thousands digit of 37955872?
9
What is the millions digit of 27222143?
7
What is the ten millions digit of 86984511?
8
What is the ten thousands digit of 1607080150?
8
What is the billions digit of 1216393464?
1
What is the hundred thousands digit of 54910103?
9
What is the thousands digit of 31173516?
3
What is the thousands digit of 64312661?
2
What is the hundred thousands digit of 5143648375?
6
What is the units digit of 16037743?
3
What is the thousands digit of 131601958?
1
What is the ten millions digit of 67048872?
6
What is the tens digit of 26612917?
1
What is the billions digit of 8240396610?
8
What is the thousands digit of 53575332?
5
What is the thousands digit of 30718265?
8
What is the thousands digit of 5800231490?
1
What is the ten thousands digit of 96040444?
4
What is the thousands digit of 387147407?
7
What is the hundred thousands digit of 81900403?
9
What is the ten thousands digit of 986343642?
4
What is the ten millions digit of 1786084902?
8
What is the millions digit of 2444568465?
4
What is the ten thousands digit of 560875415?
7
What is the hundreds digit of 36282567?
5
What is the tens digit of 3091600642?
4
What is the thousands digit of 115068181?
8
What is the units digit of 252678494?
4
What is the billions digit of 2319160466?
2
What is the ten thousands digit of 218901614?
0
What is the units digit of 198515593?
3
What is the hundreds digit of 33461191?
1
What is the thousands digit of 3276647702?
7
What is the hundreds digit of 366850233?
2
What is the ten thousands digit of 49395896?
9
What is the millions digit of 321574453?
1
What is the millions digit of 177522279?
7
What is the ten millions digit of 120091347?
2
What is the ten thousands digit of 135186692?
8
What is the hundred thousands digit of 15572167?
5
What is the units digit of 2202709570?
0
What is the hundred thousands digit of 64658563?
6
What is the ten thousands digit of 181282236?
8
What is the millions digit of 6048382069?
8
What is the ten millions digit of 95784943?
9
What is the millions digit of 239413939?
9
What is the units digit of 13540473?
3
What is the ten millions digit of 2023026293?
2
What is the ten millions digit of 241370933?
4
What is the hundred millions digit of 807748909?
8
What is the ten thousands digit of 8135051029?
5
What is the millions digit of 4829444232?
9
What is the hundred thousands digit of 2380375050?
3
What is the tens digit of 2191004789?
8
What is the hundred thousands digit of 105942468?
9
What is the tens digit of 95715259?
5
What is the ten thousands digit of 30255417?
5
What is the units digit of 33309963?
3
What is the hundred thousands digit of 151532231?
5
What is the ten millions digit of 105358098?
0
What is the hundreds digit of 38723194?
1
What is the hundreds digit of 367458115?
1
What is the billions digit of 3388641631?
3
What is the ten thousands digit of 65891299?
9
What is the billions digit of 2179329373?
2
What is the hundred thousands digit of 1265315352?
3
What is the millions digit of 1446102207?
6
What is the tens digit of 2664362083?
8
What is the hundreds digit of 1796761661?
6
What is the hundred thousands digit of 1009677740?
6
What is the hundred thousands digit of 48399778?
3
What is the billions digit of 4972872460?
4
What is the ten millions digit of 13022625?
1
What is the tens digit of 39658234?
3
What is the millions digit of 145768236?
5
What is the millions digit of 58519116?
8
What is the ten thousands digit of 517707753?
0
What is the millions digit of 53543725?
3
What is the hundreds digit of 4261160477?
4
What is the millions digit of 93400883?
3
What is the units digit of 69769286?
6
What is the ten thousands digit of 107146366?
4
What is the hundred millions digit of 302676613?
3
What is the ten thousands digit of 55451958?
5
What is the ten thousands digit of 920600393?
0
What is the hundred millions digit of 4906168964?
9
What is the ten millions digit of 1334261532?
3
What is the tens digit of 908735683?
8
What is the millions digit of 41443196?
1
What is the tens digit of 1664072194?
9
What is the thousands digit of 92563484?
3
What is the ten millions digit of 1386074407?
8
What is the units digit of 15281099?
9
What is the ten millions digit of 15758957?
1
What is the hundreds digit of 233327851?
8
What is the units digit of 56129562?
2
What is the millions digit of 267954880?
7
What is the hundred millions digit of 1551957477?
5
What is the ten millions digit of 65797690?
6
What is the millions digit of 445008913?
5
What is the hundreds digit of 473894392?
3
What is the millions digit of 767680874?
7
What is the hundred thousands digit of 1882577056?
5
What is the hundred thousands digit of 42220873?
2
What is the thousands digit of 8089982?
9
What is the hundred thousands digit of 3215228906?
2
What is the hundred thousands digit of 555513932?
5
What is the hundreds digit of 417983680?
6
What is the billions digit of 1522633486?
1
What is the millions digit of 470525219?
0
What is the ten millions digit of 92725061?
9
What is the millions digit of 1710416167?
0
What is the ten millions digit of 143323456?
4
What is the hundred thousands digit of 444858873?
8
What is the hundred millions digit of 1425835673?
4
What is the hundreds digit of 1062112470?
4
What is the thousands digit of 4164642177?
2
What is the thousands digit of 1671626301?
6
What is the units digit of 98862978?
8
What is the ten thousands digit of 3842823087?
2
What is the hundred millions digit of 270451884?
2
What is the ten thousands digit of 267682815?
8
What is the hundreds digit of 1768568135?
1
What is the units digit of 2515172755?
5
What is the hundred thousands digit of 25996861?
9
What is the hundreds digit of 14506559?
5
What is the units digit of 506096526?
6
What is the tens digit of 253796057?
5
What is the units digit of 30934978?
8
What is the millions digit of 1008378918?
8
What is the tens digit of 51954669?
6
What is the millions digit of 135831098?
5
What is the thousands digit of 341340194?
0
What is the hundred millions digit of 3221711317?
2
What is the millions digit of 379102720?
9
What is the hundred millions digit of 319207406?
3
What is the millions digit of 108851876?
8
What is the millions digit of 156966279?
6
What is the hundreds digit of 11328205?
2
What is the thousands digit of 93336922?
6
What is the hundred millions digit of 141588354?
1
What is the millions digit of 31757906?
1
What is the hundred thousands digit of 1187082336?
0
What is the millions digit of 72972383?
2
What is the tens digit of 59114186?
8
What is the millions digit of 345877346?
5
What is the hundred thousands digit of 6686273634?
2
What is the hundred millions digit of 135192068?
1
What is the thousands digit of 23781262?
1
What is the ten thousands digit of 181480992?
8
What is the units digit of 20874924?
4
What is the units digit of 148182520?
0
What is the hundreds digit of 4513217318?
3
What is the tens digit of 6807508367?
6
What is the units digit of 16536992?
2
What is the thousands digit of 957609208?
9
What is the ten millions digit of 1143877049?
4
What is the hundreds digit of 409200923?
9
What is the hundred thousands digit of 876783458?
7
What is the units digit of 2514384071?
1
What is the millions digit of 157668561?
7
What is the ten millions digit of 560014460?
6
What is the hundred millions digit of 255618711?
2
What is the thousands digit of 52854846?
4
What is the ten thousands digit of 1373752501?
5
What is the hundred thousands digit of 3040502546?
5
What i